e the highest common divisor of a and k.
11
Let f be (0 - -1) + (1 - 0). Let p = 96 + -96. Suppose 0 = -f*l + 4 - p. What is the highest common divisor of l and 22?
2
Suppose -w + 16 = 7*w. Let p be (w - 15/3) + 18. What is the highest common factor of 5 and p?
5
Let i be (-4 + (-33)/(-9))*-549. Calculate the greatest common divisor of 122 and i.
61
Let r(b) = 2*b**2 + 2*b + 3. Suppose 4*v - 13 = -t, -t - 17 = -2*t - 5*v. Let w be r(t). Calculate the greatest common divisor of w and 120.
15
Let j(b) = -3*b - 11. Let t = -1 - -3. Suppose q + 7 = 4*a + t, 5*q = -2*a - 47. Let k be j(q). Calculate the highest common divisor of 16 and k.
16
Let o be (-567)/(-3) + (-10 - -6). Calculate the highest common divisor of 5 and o.
5
Suppose -i + 32 = -4*b, i + 70*b = 69*b + 32. Calculate the greatest common divisor of i and 392.
8
Let x be (-168)/(-70)*(-275)/(-10). What is the greatest common factor of 99 and x?
33
Let a be (-1)/(-1)*(-48)/(-1)*13. Calculate the greatest common factor of 26 and a.
26
Let p = 1774 + -1693. Suppose -2*g = 3*g - 45. What is the highest common factor of g and p?
9
Suppose 91 = 5*k - j, -3*k - 3*j - 57 = -6*k. Let s = 33 - k. Suppose -s - 9 = -3*n. What is the greatest common divisor of 4 and n?
4
Let y(b) = 6*b + 46. Let d be y(3). What is the highest common divisor of d and 80?
16
Let a(p) = -22*p**3 - p**2 - 2*p. Let r be a(-2). Let u = -20 - -19. Let h(t) = 15*t**2 - t. Let o be h(u). Calculate the highest common factor of o and r.
16
Let a be (2/2 - 4)*14/(-21). Suppose -5*f = a*z - 80, -z = -4*f + 5 - 71. What is the highest common divisor of 75 and z?
25
Suppose 1856 = -15*n + 6416. Calculate the greatest common factor of n and 16.
16
Suppose -i = 2*u - 5*u - 18, -5*i - 5*u = 10. Let k(m) = -m**2 + 5*m - 3. Let n be k(i). Calculate the greatest common factor of 1 and n.
1
Let c = -82 - -84. Suppose c*r + i - 5 = 0, 6*r - 2*i = r - 1. Calculate the greatest common factor of r and 1.
1
Let k = 2581 + -2540. What is the highest common divisor of k and 1681?
41
Suppose 35 = 2*a + p, -a + 92 = 4*a - 2*p. What is the highest common divisor of a and 234?
18
Let s(z) = -z**3 + 4*z**2 + 13*z + 1. Let n be s(6). What is the highest common factor of 119 and n?
7
Suppose 19 = 5*i + 5*j - 4*j, -3*i = j - 11. Suppose -i*c = 3*y - 132, 5*y - 148 = -4*c - 24. What is the greatest common divisor of 108 and c?
36
Suppose 10 = 5*f - 25. Suppose 3*v = 1 + 5. Let c be v + (-12)/(-3) + 43. Calculate the highest common factor of f and c.
7
Let a(w) = w**3 - 4*w**2 - 5*w + 1. Let r be a(5). Let j = -81 - -80. Let f(n) = -2*n - 1. Let o be f(j). What is the highest common factor of r and o?
1
Let y be 130/3 - (-2)/(-6). Let r = y - 28. Calculate the highest common divisor of 45 and r.
15
Suppose -7*x + 744 = -x. Calculate the greatest common factor of x and 93.
31
Let r be (-132)/(-9)*(-27)/(-36). Calculate the highest common factor of 8 and r.
1
Let u be ((-90)/(-60))/(6/64). What is the highest common factor of u and 72?
8
Suppose 0 = -6*j + 22 - 4. Suppose -5*h = -5*o + o - 49, 4*h - j*o = 39. What is the greatest common divisor of h and 18?
9
Let y = -285 + 284. Suppose -t + 2*j + 22 = -0, -3*j = 3*t - 21. Let g be t/(-4) - y - -167. What is the highest common divisor of 15 and g?
15
Suppose 0 = 17*m - 1008 - 1542. What is the greatest common divisor of m and 10?
10
Let h = -616 - -636. Calculate the highest common factor of 35 and h.
5
Suppose -q - 2*j + 65 = 2*j, -5*j = -5*q + 275. Let l = q - 19. Let v be (-14)/(-42) + 510/9. What is the highest common factor of v and l?
19
Suppose -2*c - 2*x + 15 = -x, -2*x = 5*c - 38. Let b = c - -2. What is the highest common divisor of 4 and b?
2
Let x be 5/(10/4) + 10. Let q = 21 - 14. Suppose 3*k - q*k + 8 = 0, -w + 4 = -4*k. Calculate the greatest common factor of w and x.
12
Let j be -92*(4 - (9/2 + 1)). Calculate the greatest common divisor of j and 46.
46
Suppose -3*n + 111 + 129 = 0. Let w = -46 - -105. Suppose 4*o - w = 5*y, 3*o - y - 52 = -5*y. What is the highest common divisor of n and o?
16
Suppose -34*z + 35*z = 0. Suppose 2*s - 5*s + 15 = 0. Suppose -4*r - 20 = z, -s*c + r + 945 = 2*r. Calculate the greatest common divisor of c and 19.
19
Let j = -266 + 49. Let w = -154 - j. What is the greatest common divisor of 42 and w?
21
Suppose 77 = j + 3*r, -20*r + 334 = 5*j - 22*r. What is the greatest common factor of 34 and j?
34
Let i = -389 + 447. What is the greatest common divisor of i and 638?
58
Suppose 3*g - 223 = 128. Suppose 3*b = 5*r + 95, 3 + 7 = 2*b. Let q = r - -29. Calculate the highest common divisor of g and q.
13
Suppose h - 5 = -4*h, h - 24 = -c. Let n = c - -14. Calculate the highest common divisor of n and 333.
37
Let k = -7 + 99. Let j = 34 + k. What is the highest common factor of 14 and j?
14
Let w be 1536/(-40)*(-1 + (-14)/6). Suppose -18*r + 23*r - 160 = 0. Calculate the highest common divisor of r and w.
32
Let a(m) = m + 1. Let r be a(3). Suppose 0 = t - r*t + 9. Let i be 18*(8/t - 2). What is the highest common factor of 24 and i?
12
Suppose 38*q + 20202 = 52*q. What is the highest common factor of q and 13?
13
Let j = 161 - 85. Suppose 2*i + j = 6*i. Calculate the greatest common factor of 38 and i.
19
Let s be (-9)/(-45) + 12/(-10). Let u be s/2*(-2 + 1)*90. What is the highest common factor of u and 10?
5
Suppose 8*v = 2071 + 2921. What is the greatest common divisor of 39 and v?
39
Let l be 2/(-4)*(-3 - 1). Suppose 0 = 35*w - 17*w - 288. What is the highest common divisor of w and l?
2
Let q(v) = -5*v**2 - 132*v + 100. Let u be q(-27). Suppose -19 = -c + 19. Calculate the highest common factor of u and c.
19
Let q = 221 - 211. Calculate the highest common factor of 130 and q.
10
Let w(k) = -144*k - 168. Let p be w(-2). What is the highest common factor of 72 and p?
24
Suppose 0 = 4*c - 22 - 22. Calculate the greatest common factor of 1 and c.
1
Let d be -2 - -4 - 9*-1. Let m be (-2)/d + 57/11. Suppose -29 = -m*w + 101. What is the greatest common factor of 78 and w?
26
Let s be 198/9*(-2 - (1 - 4)). Let i = -3 + 7. Calculate the highest common factor of s and i.
2
Suppose 4*n + w = 60, 2*n - 15 = -w + 17. Suppose -3*i - n = -119. Let p be 4 + 7 + (-1 - 3). Calculate the greatest common factor of p and i.
7
Suppose 3*v - 4*v - 4796 = -2*b, b + 5*v = 2398. Calculate the greatest common factor of 22 and b.
22
Suppose 4*s - 168 = 4*u, 5*s + 0*u = -5*u + 210. Suppose -2*h - 315 = -7*h. What is the highest common factor of s and h?
21
Suppose 3*j + 5*r = 92 + 423, 5*j - 4*r - 809 = 0. Let z(k) = -k**3 + 5*k**2 + 8*k - 7. Let b be z(5). What is the highest common divisor of j and b?
33
Let o(k) be the first derivative of k**3/3 - 7*k**2/2 - 2*k + 35. Let t be o(10). Calculate the highest common factor of 70 and t.
14
Let n = 3 - -19. Let z = -32 + 58. Let t = 7 + z. Calculate the greatest common factor of t and n.
11
Let l be (-9)/63 - 379/(-7). Let c = l + -52. What is the highest common factor of c and 22?
2
Let o(c) = c**2 + 1. Let j be o(0). Suppose -5 = -x, -5*s + 2*x + 2*x - 10 = 0. Let g be s*(j + 66/4). What is the highest common factor of 7 and g?
7
Let z(r) = -r - 17. Let v be z(-17). Let o(p) = -p**2 + 30. Let a be o(v). What is the greatest common divisor of a and 10?
10
Suppose 13 = 6*k - 5*k. Let w = 12 + k. What is the highest common factor of w and 125?
25
Suppose -4*w = -3*c - 105, 6*w - 9*w + 70 = -4*c. Calculate the greatest common factor of w and 330.
30
Let r be (4 - 1 - -5) + (-2760)/(-12). What is the highest common divisor of 98 and r?
14
Let y(c) = c**3 + 19*c**2 - 4*c - 4. Let g be y(-19). Let h = 81 - g. What is the greatest common factor of 81 and h?
9
Let h be ((-2)/(-10) - 12/15)*-5. Suppose 2*l + y = l + 95, -h*y - 352 = -4*l. Calculate the greatest common factor of l and 13.
13
Suppose -5*z = -t - 1981, -3*t = -52*z + 51*z + 399. Calculate the greatest common divisor of z and 176.
44
Let l be 16/(-6) + (-8)/24. Let f be l/(-18) - (-116)/24. Suppose -5*o = -8*z + 3*z - 420, -f*o + 432 = -z. What is the highest common divisor of 58 and o?
29
Suppose -3*u = -3*o - 63, 5*o - 36 - 3 = -4*u. Let m = u - 8. Let b be (12/9 - 0)*12. What is the greatest common factor of b and m?
8
Let c = 657 - 655. What is the greatest common factor of c a